he highest common divisor of 7 and p?
7
Let k be -1 + -6 - -1 - (1 - 0). Let q(p) = -2*p + 11. Let c be q(k). Let f be c/(-2)*(-5 + 3). Calculate the highest common divisor of f and 25.
25
Let n be 55 + (-1 - -2) + 0. Let l(k) = 30 + 3*k**3 + 3*k + 0*k**3 - 17*k**2 + 12*k - 2*k**3. Let b be l(16). What is the highest common factor of b and n?
14
Suppose 6881 + 5119 = 125*o. What is the highest common divisor of 184 and o?
8
Let n be ((-10)/3)/((-4)/30). Suppose 458*c - 8244 = -1603*c. What is the greatest common divisor of c and n?
1
Let l = 0 + 3. Let h be 4/(-6) + (l - 807/(-9)). Suppose -2*f + h = -4*c, 5*f = c - 2*c + 197. Calculate the highest common factor of f and 8.
8
Let r be 1737*2 + (3 - 0*(-11)/(-33)). What is the highest common divisor of 114 and r?
57
Let u be 30*6611/66 + -2 + 0. Calculate the greatest common factor of u and 21.
21
Suppose 0 = 7*z + 10 + 18. Let u be (81/6)/(z*(-2)/32). Calculate the greatest common divisor of u and 12.
6
Suppose 144*b = 250*b - 2120. What is the highest common divisor of 3140 and b?
20
Let x be (-6)/((5 + -3)/(-1)). Suppose 0 = -3*l + 6*l - 3, 3*u = -3*l - x. Let j be (-2 - (-550)/(-5))/u. What is the highest common divisor of 8 and j?
8
Let t = 4270 + -3852. Calculate the highest common factor of 1045 and t.
209
Suppose 5*a + 648 = 7*a + 4*z, -5*z = 0. Let y = a + -319. Calculate the highest common divisor of y and 215.
5
Suppose -57*p - p = -4060. What is the greatest common divisor of p and 280?
70
Suppose -5*h + 379 = 6*p + 99, 3*h = p + 168. What is the highest common factor of 854 and h?
14
Suppose 20*r = -r + 31773. What is the greatest common factor of 267 and r?
89
Let m = 19122 + -18088. Calculate the greatest common divisor of m and 209.
11
Let q = 100 + -94. Suppose -q*d + 13*d - 1617 = 0. Calculate the highest common factor of d and 66.
33
Let y = 4220 - 4054. What is the highest common divisor of 8 and y?
2
Let j = -34 + 35. Let s be 9/15 - j - 162/(-5). Suppose 0 = -5*d + s + 58. What is the greatest common divisor of d and 162?
18
Let o = 12317 + -6896. What is the highest common divisor of o and 52?
13
Suppose 2*r - 71 = -5*l, -l + 40 + 3 = r. Suppose 82*n = 74*n + r. Calculate the greatest common divisor of 426 and n.
6
Suppose 0 = 4*g + 8, -i - 2*g = 4*i - 86. Let y = i + -15. Suppose -3*j + 11 + 43 = n, -162 = -3*n - y*j. Calculate the highest common divisor of n and 27.
27
Let x = 6780 + -2387. Suppose -24*n - x = -15817. What is the highest common factor of n and 28?
28
Let h = 123 - 224. Let j = h + 119. What is the highest common factor of j and 414?
18
Suppose 15*a - 3155 + 2725 - 9695 = 0. What is the highest common factor of a and 7875?
225
Suppose 34632 = 48*f + 26*f. What is the highest common divisor of f and 126?
18
Let j(a) = -a + 25. Suppose -7*s = -6*s. Let k be j(s). Calculate the highest common factor of k and 125.
25
Suppose 1678*w = 1684*w - 444. Suppose 59 = -3*n + w. Suppose 0*z + 20 = 4*z. Calculate the greatest common divisor of n and z.
5
Let l(n) = -4*n - 62. Let m be l(-16). Suppose 0 = 8*y - 9*y + 2*a + 32, -m*a + 136 = 5*y. What is the greatest common divisor of 154 and y?
14
Let q be (1 - -6) + -195 + 210. Calculate the greatest common factor of 11 and q.
11
Let p be (-816998)/(-2345) - 2/5. What is the highest common divisor of 192 and p?
12
Let w(k) = -2*k**2 + 151*k - 174. Let c be w(74). What is the highest common factor of 104 and c?
8
Suppose 209*i - 213*i + 20 = 0. Suppose 56 = 3*j + i. What is the highest common divisor of 153 and j?
17
Let g(i) = i**3 + 18*i**2 + 30*i - 6. Let v be g(-8). Suppose -4*b = -2*s + v, 611 = -3*s + 6*s - 2*b. Calculate the highest common divisor of 115 and s.
23
Suppose -954 = -g - 324. Suppose -18*j - 3*j + g = 0. Calculate the highest common factor of j and 570.
30
Let h be (-4*(-4)/(-16))/((-106)/8 - -13). Let w(v) = -40*v**3 - v + 2. Let u be w(-2). What is the greatest common divisor of h and u?
4
Suppose 2*c = -4*r + 468, 4*c - 7*r = -6*r + 891. Suppose 4*l + 3*s - c = 0, -8 - 12 = 5*s. Calculate the greatest common factor of l and 531.
59
Suppose -2*d + 316 = 4*f, 13*f - 14*f - 5*d = -79. Calculate the highest common factor of f and 6320.
79
Let m = 1770 - 1022. Suppose 0 = -6*q + 36*q + 82*q - 336. Suppose q*y - m = y. Calculate the highest common divisor of y and 34.
34
Suppose -5*a = -3*u - 4548, -a - 69*u = -71*u - 911. What is the highest common factor of a and 27?
9
Let r(l) = l**3 + 3*l**2 - 2*l - 1. Let b be r(-3). Let p be 14*(-36)/(-21) - -1. What is the greatest common divisor of b and p?
5
Let v(x) = -39*x - 465. Let t be v(-15). What is the highest common factor of 6840 and t?
120
Let f(h) = -4*h - 42. Suppose 0 = -5*r + 20, 4*w - 5*r + 28 = -9*r. Let b be f(w). Calculate the highest common divisor of 32 and b.
2
Let g(l) = -26*l + 824. Let q be g(29). Let s be -6*(4 + (-38)/6). What is the greatest common factor of q and s?
14
Let b be -5 - (-10)/2 - -33. Suppose 33 - 36 = 3*t. Let p(d) = -10*d**3 - d**2 - 2*d. Let k be p(t). Calculate the highest common factor of b and k.
11
Suppose 6*s = -2*s + 4*s. Suppose s = -b + 5 + 5. Let x(t) = 5*t. Let u be x(2). Calculate the greatest common divisor of b and u.
10
Let c be (153/(-6))/(((-6)/(-12))/(-1)). Calculate the highest common divisor of c and 6477.
51
Let x(g) = -1. Let b(l) = 2*l**2 - l - 117. Let f(i) = -b(i) - 6*x(i). Let a be f(0). What is the greatest common divisor of a and 41?
41
Suppose 0 = v - 2*v. Suppose 15*x - 3*x - 1152 = v. What is the highest common divisor of x and 64?
32
Let z = 46 + -71. Let l be ((-1)/3)/(z/150). Suppose 4*p - 40 = 4*n, n = -l*p + 6*p - 40. What is the greatest common divisor of 70 and p?
10
Let f(d) = d**3 + 3*d**2 - 2*d - 6. Let s(h) = h**2 - h. Let u(q) = f(q) - 6*s(q). Let z be u(3). Calculate the greatest common divisor of z and 3.
3
Let k be (-2)/(-4)*32*8. Let z = -649 - -557. Let n = 108 + z. Calculate the greatest common factor of n and k.
16
Let s(g) = g**2 - g + 1. Let n(a) = 10*a**2 + a - 24. Let o(z) = n(z) + 4*s(z). Let p be o(-5). Calculate the highest common divisor of p and 46.
23
Suppose -3*p = 4*t - 54, -12*t = -p + 2*p + 78. Suppose 147 = j - 3. What is the highest common factor of p and j?
30
Suppose 8599 + 2313 = 11*m - 0*m. Suppose -2 = -3*k - 14, 3*k = 4*q - 260. Calculate the highest common divisor of m and q.
62
Let a = 1269 + -1026. What is the highest common factor of 12 and a?
3
Let o be (96/8)/((-1)/(-3)). Suppose 0*i = -3*i - o. Let n be (-11)/1*(i - -10) + -2. Calculate the greatest common divisor of 50 and n.
10
Let j = -7 - -34. Let d = -166122 + 166149. What is the greatest common divisor of j and d?
27
Let x = 323 - 541. Let t = -156 - x. What is the highest common divisor of 93 and t?
31
Let u = 202000 - 201974. Suppose -2*x = x - 3354. Calculate the greatest common divisor of x and u.
26
Let l(g) = g**2 + 38*g - 3576. Let x be l(-83). What is the greatest common divisor of 10653 and x?
159
Let y(t) = 7*t**2 - 544*t - 136. Let r be y(78). Let o = 7 - 4. Suppose -i - 20 = -o*i. What is the greatest common divisor of r and i?
10
Suppose 272 = 21*d + 83. Let g(h) = 13*h - 83. Let m be g(d). Let o be ((-68)/6)/((-2)/3). Calculate the greatest common factor of o and m.
17
Let k(q) = 10*q**3 + q**2 - 3*q + 3. Let d be k(1). Suppose -72 = -d*z + 2*z. What is the greatest common divisor of 8 and z?
8
Let o(l) = 2*l**3 - 7*l**2 + 4*l + 7. Let u be o(5). Let k = -2189 + 2195. What is the highest common divisor of u and k?
6
Suppose -381 = 2*l + 17. Let c = -122 - l. Suppose 98 = -2*f - 23189*v + 23181*v, 0 = 4*f + 2*v - 14. What is the greatest common factor of c and f?
11
Suppose 25 + 423 = 2*q + 4*f, 0 = -4*q - f + 882. Calculate the highest common divisor of 44 and q.
44
Suppose m - 17 = 5*s, m - 5*s = 2*m + 13. Let n be 20*(4 - m)/2. What is the greatest common factor of 5 and n?
5
Suppose -72*t = -25*t - 5076. Suppose 61 = -t*p + 110*p + c, -4*c = 12. What is the greatest common factor of 448 and p?
32
Let y be 22/(-5) - (-24)/60. Let l be 102 + (1/y - 13/(-52)). Suppose -9*f - c = -8*f - l, -f - 3*c + 96 = 0. Calculate the highest common factor of 15 and f.
15
Let z = 4871 - 4863. Let h be (-1)/6 - (-335)/30. Let a = 15 - h. Calculate the greatest common divisor of z 